ors of 7422?
2, 3, 1237
List the prime factors of 46946.
2, 23473
What are the prime factors of 71499?
3, 23833
What are the prime factors of 1351?
7, 193
List the prime factors of 4795.
5, 7, 137
What are the prime factors of 13010?
2, 5, 1301
What are the prime factors of 71163?
3, 7907
List the prime factors of 117.
3, 13
List the prime factors of 7957.
73, 109
What are the prime factors of 8977?
47, 191
List the prime factors of 11509.
17, 677
What are the prime factors of 32282?
2, 16141
What are the prime factors of 1366?
2, 683
List the prime factors of 6368.
2, 199
List the prime factors of 7638.
2, 3, 19, 67
List the prime factors of 230.
2, 5, 23
What are the prime factors of 24674?
2, 13, 73
List the prime factors of 6482.
2, 7, 463
List the prime factors of 403.
13, 31
List the prime factors of 2361.
3, 787
List the prime factors of 106.
2, 53
List the prime factors of 4203.
3, 467
List the prime factors of 86160.
2, 3, 5, 359
What are the prime factors of 301?
7, 43
List the prime factors of 9584.
2, 599
List the prime factors of 5.
5
What are the prime factors of 705?
3, 5, 47
What are the prime factors of 1589?
7, 227
What are the prime factors of 8981?
7, 1283
List the prime factors of 8362.
2, 37, 113
List the prime factors of 1509.
3, 503
List the prime factors of 903.
3, 7, 43
What are the prime factors of 2232?
2, 3, 31
What are the prime factors of 373?
373
List the prime factors of 38636.
2, 13, 743
What are the prime factors of 2331?
3, 7, 37
What are the prime factors of 1328?
2, 83
What are the prime factors of 85656?
2, 3, 43, 83
List the prime factors of 1173.
3, 17, 23
What are the prime factors of 75279?
3, 23, 1091
List the prime factors of 7601.
11, 691
List the prime factors of 20030.
2, 5, 2003
What are the prime factors of 79301?
79301
What are the prime factors of 209?
11, 19
List the prime factors of 1810.
2, 5, 181
List the prime factors of 4740.
2, 3, 5, 79
What are the prime factors of 3143?
7, 449
What are the prime factors of 58684?
2, 17, 863
List the prime factors of 348.
2, 3, 29
List the prime factors of 96339.
3, 17, 1889
List the prime factors of 11731.
11731
What are the prime factors of 10291?
41, 251
What are the prime factors of 1010?
2, 5, 101
What are the prime factors of 6806?
2, 41, 83
What are the prime factors of 41360?
2, 5, 11, 47
What are the prime factors of 33722?
2, 13, 1297
What are the prime factors of 1743?
3, 7, 83
List the prime factors of 1528.
2, 191
What are the prime factors of 46822?
2, 41, 571
List the prime factors of 2830.
2, 5, 283
What are the prime factors of 911?
911
What are the prime factors of 105385?
5, 7, 3011
What are the prime factors of 2548?
2, 7, 13
What are the prime factors of 369?
3, 41
List the prime factors of 15402.
2, 3, 17, 151
List the prime factors of 70378.
2, 7, 11, 457
List the prime factors of 4799.
4799
What are the prime factors of 16791?
3, 29, 193
What are the prime factors of 398?
2, 199
What are the prime factors of 483?
3, 7, 23
What are the prime factors of 9191?
7, 13, 101
What are the prime factors of 2477?
2477
What are the prime factors of 8435?
5, 7, 241
List the prime factors of 28012.
2, 47, 149
What are the prime factors of 5887?
7, 29
List the prime factors of 5057.
13, 389
List the prime factors of 5240.
2, 5, 131
List the prime factors of 10183.
17, 599
What are the prime factors of 582?
2, 3, 97
What are the prime factors of 16158?
2, 3, 2693
List the prime factors of 18141.
3, 6047
List the prime factors of 29169.
3, 7, 463
What are the prime factors of 86858?
2, 137, 317
What are the prime factors of 33518?
2, 16759
What are the prime factors of 9044?
2, 7, 17, 19
What are the prime factors of 7569?
3, 29
List the prime factors of 7428.
2, 3, 619
What are the prime factors of 56170?
2, 5, 41, 137
What are the prime factors of 3894?
2, 3, 11, 59
What are the prime factors of 47341?
7, 6763
List the prime factors of 46307.
46307
List the prime factors of 153743.
153743
List the prime factors of 17945.
5, 37, 97
What are the prime factors of 368?
2, 23
What are the prime factors of 5337?
3, 593
What are the prime factors of 26410?
2, 5, 19, 139
What are the prime factors of 128?
2
List the prime factors of 342.
2, 3, 19
List the prime factors of 3806.
2, 11, 173
List the prime factors of 2788.
2, 17, 41
What are the prime factors of 982?
2, 491
What are the prime factors of 343?
7
What are the prime factors of 1134?
2, 3, 7
What are the prime factors of 18982?
2, 9491
List the prime factors of 2175.
3, 5, 29
What are the prime factors of 22512?
2, 3, 7, 67
List the prime factors of 6404.
2, 1601
What are the prime factors of 12508?
2, 53, 59
What are the prime factors of 502?
2, 251
What are the prime factors of 24571?
24571
What are the prime factors of 14977?
17, 881
List the prime factors of 589.
19, 31
What are the prime factors of 1599?
3, 13, 41
List the prime factors of 9261.
3, 7
List the prime factors of 2724.
2, 3, 227
List the prime factors of 27684.
2, 3, 769
What are the prime factors of 506?
2, 11, 23
What are the prime factors of 61253?
61253
What are the prime factors of 8913?
3, 2971
List the prime factors of 1272.
2, 3, 53
What are the prime factors of 4686?
2, 3, 11, 71
What are the prime factors of 11513?
29, 397
What are the prime factors of 2105?
5, 421
List the prime factors of 23824.
2, 1489
What are the prime factors of 174?
2, 3, 29
What are the prime factors of 31425?
3, 5, 419
What are the prime factors of 11288?
2, 17, 83
What are the prime factors of 6096?
2, 3, 127
What are the prime factors of 43105?
5, 37, 233
What are the prime factors of 1704?
2, 3, 71
What are the prime factors of 487?
487
List the prime factors of 2641.
19, 139
What are the prime factors of 2462?
2, 1231
List the prime factors of 300.
2, 3, 5
What are the prime factors of 5640?
2, 3, 5, 47
List the prime factors of 1236.
2, 3, 103
List the prime factors of 7864.
2, 983
List the prime factors of 40444.
2, 10111
What are the prime factors of 2350?
2, 5, 47
List the prime factors of 69555.
3, 5, 4637
List the prime factors of 1943.
29, 67
What are the prime factors of 44487?
3, 4943
List the prime factors of 21021.
3, 7, 11, 13
What are the prime factors of 66?
2, 3, 11
List the prime factors of 816.
2, 3, 17
What are the prime factors of 1477?
7, 211
What are the prime factors of 1246?
2, 7, 89
List the prime factors of 22479.
3, 59, 127
List the prime factors of 173900.
2, 5, 37, 47
List the prime factors of 10604.
2, 11, 241
What are the prime factors of 1233?
3, 137
What are the prime factors of 13644?
2, 3, 379
List the prime factors of 1348.
2, 337
What are the prime factors of 831?
3, 277
What are the prime factors of 2210?
2, 5, 13, 17
List the prime factors of 9712.
2, 607
List the prime factors of 22940.
2, 5, 31, 37
List the prime factors of 9163.
7, 11, 17
List the prime factors of 15936.
2, 3, 83
What are the prime factors of 6780?
2, 3, 5, 113
List the prime factors of 1868.
2, 467
What are the prime factors of 16392?
2, 3, 683
List the prime factors of 1773.
3, 197
What are the prime factors of 24797?
137, 181
List the prime factors of 581.
7, 83
List the prime factors of 18254.
2, 9127
What are the prime factors of 2537?
43, 59
List the prime factors of 3064.
2, 383
What are the prime factors of 1051?
1051
What are the prime factors of 12743?
12743
What are the prime factors of 23567?
23567
List the prime factors of 2652.
2, 3, 13, 17
List the prime factors of 4734.
2, 3, 263
List the prime factors of 152160.
2, 3, 5, 317
List the prime factors of 57639.
3, 19213
What are the prime factors of 34646?
2, 17, 1019
What are the prime factors of 1065?
3, 5, 71
List the prime factors of 19367.
107, 181
List the prime factors of 451.
11, 41
List the prime factors of 127.
127
What are the prime factors of 656?
2, 41
What are the prime factors of 10278?
2, 3, 571
What are the prime factors of 7535?
5, 11, 137
List the prime factors of 13755.
3, 5, 7, 131
List the prime factors of 5310.
2, 3, 5, 59
List the prime factors of 5271.
3, 7, 251
What are the prime factors of 28095?
3, 5, 1873
List the prime factors of 3448.
2, 431
What are the prime factors of 2127?
3, 709
List the prime factors of 19160.
2, 5, 479
Wh